16) to base 3.
-100012000
Convert 30220 (base 4) to base 10.
808
Convert 83ef (base 16) to base 12.
17667
What is 130212 (base 4) in base 14?
94a
Convert 1cec (base 15) to base 13.
2b35
What is 262b (base 16) in base 11?
7383
What is 4db6 (base 15) in base 16?
40d4
Convert cdc (base 14) to base 13.
120b
-15065 (base 8) to base 16
-1a35
12a9 (base 11) to base 13
a02
-47f (base 16) to base 4
-101333
2184 (base 16) to base 4
2012010
-707 (base 11) to base 8
-1526
-22334 (base 7) to base 9
-7678
-101000000100 (base 2) to base 13
-1223
Convert -255 (base 10) to base 9.
-313
Convert 2061 (base 9) to base 2.
10111101001
Convert 416 (base 7) to base 9.
252
Convert -3c (base 15) to base 16.
-39
Convert 2023212 (base 5) to base 7.
165004
What is -7930 (base 13) in base 11?
-117aa
What is -478 (base 10) in base 15?
-21d
-54340 (base 6) to base 3
-101020220
Convert 1333202 (base 4) to base 14.
2d90
-10213 (base 4) to base 13
-199
-149 (base 12) to base 14
-105
1022112 (base 3) to base 13
58a
Convert 1015a (base 11) to base 3.
202100011
What is 1431 (base 6) in base 11?
315
2114 (base 5) to base 2
100011100
-30412 (base 8) to base 9
-18188
-100111111101010 (base 2) to base 3
-1001001201
7cb4 (base 13) to base 2
100010010010010
What is -453 (base 9) in base 12?
-270
What is -14300 (base 5) in base 4?
-102300
Convert -205 (base 12) to base 13.
-197
Convert -872 (base 13) to base 4.
-112211
1352 (base 11) to base 10
1751
What is -1106 (base 7) in base 3?
-112202
What is 10534 (base 8) in base 14?
1896
Convert 26907 (base 10) to base 11.
19241
What is 329 (base 11) in base 16?
18a
Convert -1214214 (base 5) to base 4.
-11220103
112344 (base 5) to base 3
12121211
What is 67147 (base 8) in base 13?
cb31
What is -143550 (base 7) in base 11?
-19910
1704 (base 8) to base 12
684
Convert -2232222 (base 4) to base 7.
-44406
-10110101 (base 2) to base 13
-10c
Convert 10010110101 (base 2) to base 8.
2265
11220 (base 3) to base 16
84
-42 (base 5) to base 12
-1a
Convert 505 (base 13) to base 14.
44a
Convert -1101102 (base 3) to base 9.
-1342
Convert 337 (base 16) to base 13.
4b4
Convert -2077 (base 15) to base 12.
-3b7a
3ce (base 16) to base 4
33032
What is -2273 (base 10) in base 7?
-6425
What is -1673 (base 8) in base 9?
-1271
4130 (base 5) to base 14
2a8
44132 (base 5) to base 3
11011200
What is 11001001 (base 2) in base 11?
173
What is 4055 (base 6) in base 11?
748
What is 2098 (base 15) in base 14?
2725
-551 (base 7) to base 13
-188
Convert 11200100 (base 3) to base 4.
311103
Convert -6a (base 12) to base 5.
-312
What is -10101001011110 (base 2) in base 7?
-43423
Convert -a9 (base 15) to base 4.
-2133
Convert -34261 (base 8) to base 16.
-38b1
What is -15a (base 13) in base 8?
-364
What is -889 (base 13) in base 9?
-2007
What is 81 (base 12) in base 14?
6d
-22101310 (base 4) to base 2
-1010010001110100
Convert 110111100011 (base 2) to base 6.
24243
What is 16c6 (base 14) in base 13?
1b2c
233 (base 10) to base 14
129
Convert 118 (base 10) to base 2.
1110110
1203101 (base 4) to base 2
1100011010001
Convert -76718 (base 10) to base 7.
-436445
Convert -1121 (base 5) to base 2.
-10100001
Convert 9288 (base 10) to base 12.
5460
-333 (base 10) to base 13
-1c8
Convert -161 (base 16) to base 4.
-11201
What is -460 (base 11) in base 15?
-26a
-86 (base 10) to base 14
-62
What is -311102 (base 4) in base 12?
-1b82
Convert -2044 (base 5) to base 10.
-274
What is -758 (base 15) in base 14?
-866
What is -16aa (base 16) in base 14?
-2186
Convert -11757 (base 8) to base 11.
-391a
What is 2000100 (base 3) in base 14?
76b
What is -433 (base 5) in base 10?
-118
-6190 (base 15) to base 5
-1124420
1315 (base 12) to base 11
16aa
What is -216 (base 7) in base 4?
-1233
What is -38a8 (base 16) in base 4?
-3202220
61536 (base 7) to base 2
11101010101101
106a3 (base 14) to base 2
1001101100110111
What is 20374 (base 8) in base 11?
6387
13853 (base 9) to base 11
7106
What is d0b (base 14) in base 7?
10314
-524 (base 15) to base 10
-1159
What is -2310 (base 12) in base 11?
-2a26
What is 148a (base 13) in base 15?
d42
5211 (base 10) to base 13
24ab
1b8c (base 16) to base 12
40b8
What is 212312 (base 4) in base 7?
10151
Convert -368 (base 15) to base 9.
-1048
-22314 (base 5) to base 9
-2150
Convert 320a (base 11) to base 8.
10225
What is -102 (base 9) in base 12?
-6b
-20079 (base 10) to base 9
-30480
Convert 17764 (base 10) to base 3.
220100221
Convert 9b8 (base 13) to base 12.
b74
Convert 5015 (base 7) to base 8.
3277
What is -42202 (base 6) in base 7?
-22406
-500 (base 7) to base 15
-115
What is -221213 (base 4) in base 13?
-129b
10010101001101 (base 2) to base 16
254d
What is -1345b (base 13) in base 7?
-206451
What is -42311 (base 5) in base 15?
-c8b
What is -3302 (base 5) in base 12?
-318
710 (base 8) to base 12
320
18a8 (base 15) to base 7
21356
Convert 4424 (base 5) to base 11.
509
Convert -314a (base 12) to base 7.
-21463
-c66 (base 14) to base 10
-2442
What is 2866 (base 11) in base 3?
12002010
Convert 5b3b (base 13) to base 15.
3c49
What is 211011 (base 4) in base 2?
100101000101
Convert -65 (base 9) to base 13.
-47
Convert 155134 (base 7) to base 15.
9101
What is -602 (base 10) in base 16?
-25a
Convert 100002 (base 3) to base 8.
365
What is -74c (base 14) in base 8?
-2640
What is 10100011010 (base 2) in base 14?
694
12456 (base 10) to base 7
51213
Convert 6a5 (base 11) to base 16.
349
Convert -2343 (base 7) to base 4.
-31200
What is -11430 (base 12) in base 6?
-254500
Convert 223 (base 7) to base 6.
311
What is 101000133 (base 4) in base 13?
25929
Convert -1213133 (base 4) to base 10.
-6623
212012122 (base 3) to base 8
41027
What is 10010230 (base 4) in base 12?
97a4
Convert 20145 (base 9) to base 16.
33bc
What is 731 (base 8) in base 13?
2a5
What is -133 (base 16) in base 13?
-1a8
Convert 1b6a0 (base 13) to base 14.
158c0
Convert a53 (base 11) to base 6.
5512
Convert -20544 (base 7) to base 16.
-13d7
Convert -11e (base 15) to base 7.
-512
What is -916 (base 10) in base 6?
-4124
What is -21455 (base 6) in base 10?
-2987
Convert 206355 (base 7) to base 9.
54163
1281 (base 11) to base 14
86a
11221 (base 4) to base 7
1024
What is -213404 (base 6) in base 5?
-1031034
Convert -2862 (base 9) to base 14.
-b06
What is -116 (base 16) in base 9?
-338
What is 24005 (base 6) in base 12?
2005
-83 (base 16) to base 5
-1011
-3aa (base 16) to base 3
-1021202
1213 (base 8) to base 6
3003
Convert 11331 (base 11) to base 5.
1010434
What is -4334 (base 5) in base 8?
-1122
Convert -12111 (base 4) to base 10.
-405
82aa (base 14) to base 2
101011111011110
Convert -24746 (base 8) to base 12.
-625a
2120012 (base 4) to base 6
113022
What is 1de (base 15) in base 4?
12302
-4614 (base 14) to base 9
-17622
-ac8 (base 14) to base 3
-2221010
What is -2927 (base 11) in base 3?
-12012000
-27597 (base 11) to base 8
-114616
Convert 3112310 (base 4) to base 5.
414443
What is -c72 (base 13) in base 14?
-ab7
Convert -d08 (base 14) to base 11.
-1a14
-100000010001 (base 2) to base 7
-6010
What is -1010111110100 (base 2) in base 9?
-7634
What is -658 (base 11) in base 14?
-405
Convert -34210 (base 5) to base 13.
-114c
What is -4334 (base 6) in base 10?
-994
1022021 (base 3) to base 16
3b8
What is -25407 (base 11) in base 6?
-440352
What is 6ca9 (base 16) in base 4?
12302221
Convert 2313 (base 4) to base 2.
10110111
What is -342024 (base 5) in base 11?
-9136
What is -20 (base 15) in base 10?
-30
Convert 5325 (base 13) to base 5.
332043
413013 (base 5) to base 9
20468
de (base 15) to base 14
10d
-10a43 (base 16) to base 13
-25044
What is -33720 (base 8) in base 3?
-201121012
-16945 (base 14) to base 13
-1ca6c
Convert 100130 (base 5) to base 4.
301131
Convert 12021001 (base 3) to base 7.
14116
Convert -2370 (base 13) to base 12.
-2a80
Convert -800 (base 11) to base 9.
-1285
Convert 1550 (base 7) to base 3.
212002
Convert -3423 (base 13) to base 7.
-30162
Convert -2951 (base 10) to base 12.
-185b
What is 18669 (base 12) in base 2?
1000101010110001
Convert -143533 (base 7) to base 9.
-42007
What is 3567 (base 12) in base 2?
1011101011111
What is 10011100 (base 3) in base 11?
1805
510 (base 11) to base 6
2504
Convert -13662 (base 7) to base 2.
-111010111000
Convert -11612 (base 11) to base 8.
-40507
Convert 2683 (base 9) to base 4